8836 (base 9) in base 15?
-5c72bc
Convert 11160666 (base 8) to base 15.
32b288
-1241423102 (base 5) to base 9
-5708332
-111100100010011101000 (base 2) to base 4
-13210103220
What is 44012401 (base 5) in base 4?
1123302220
-44442420 (base 5) to base 15
-7a9e0
-b52c (base 16) to base 7
-252135
-13366380 (base 9) to base 15
-8a5199
Convert 27c3 (base 15) to base 9.
12603
Convert -12ba5a (base 12) to base 7.
-2433121
What is 1001011110211 (base 3) in base 16?
87592
Convert 101010011111110011100 (base 2) to base 11.
871266
-335532 (base 6) to base 2
-110111101010000
333423240 (base 5) to base 11
912468
What is -362508 (base 11) in base 9?
-1064672
What is 934023 (base 13) in base 4?
31012321221
-353169 (base 10) to base 2
-1010110001110010001
-11011010010001001011 (base 2) to base 7
-10412331
What is -ee8b7 (base 15) in base 14?
-15a32c
2300212230 (base 4) to base 2
10110000100110101100
What is 429676 (base 11) in base 13?
1b04a4
What is 101100100110011000000 (base 2) in base 15?
1dd045
-424224 (base 6) to base 2
-1000011101011000
Convert b9576 (base 15) to base 11.
372158
-b031b0 (base 16) to base 13
-2513aa1
What is 244204 (base 10) in base 2?
111011100111101100
Convert 7476274 (base 8) to base 16.
1e7cbc
Convert -28a9 (base 11) to base 8.
-7245
-216073 (base 9) to base 16
-1f84b
Convert 1846311 (base 11) to base 6.
151004210
-113103313230 (base 4) to base 7
-102640311
Convert 61560 (base 11) to base 13.
31b85
30020332 (base 4) to base 15
eb01
5539506 (base 10) to base 8
25103262
Convert 4043111204 (base 5) to base 16.
7cc0bc
-706377 (base 12) to base 9
-3261241
Convert -4be (base 15) to base 6.
-4555
What is 7410504 (base 8) in base 10?
1970500
What is -127104 (base 12) in base 15?
-5e99d
What is 7728 (base 13) in base 5?
1012341
Convert -1107285 (base 9) to base 14.
-1171d6
Convert 5fd8d (base 16) to base 10.
392589
Convert -2e72b (base 16) to base 2.
-101110011100101011
What is 1ffc3c (base 16) in base 12?
8510a4
Convert 7262644 (base 9) to base 8.
16631157
-26a487 (base 11) to base 13
-11abbb
312402122 (base 6) to base 15
727e22
Convert -110010313 (base 5) to base 12.
-1a7816
What is 9a397c (base 15) in base 7?
116333001
-882b22 (base 14) to base 12
-1668276
Convert 3003311200 (base 4) to base 3.
1111202100001
Convert -5222541 (base 6) to base 2.
-111101100010011101
Convert -adaba (base 14) to base 5.
-102000311
Convert -222110022200 (base 3) to base 9.
-873280
What is -101111010121 (base 3) in base 6?
-4231324
Convert 300251145 (base 6) to base 2.
10011010011101000101001
79ae8 (base 15) to base 16
5e892
Convert 120232641 (base 7) to base 8.
34336021
What is -1314403430 (base 5) in base 14?
-614b8b
427391 (base 10) to base 14
b1a7d
What is -1000100000000101111 (base 2) in base 11?
-180330
-101111011110111010110 (base 2) to base 12
-630506
What is -100134134 (base 5) in base 14?
-a453b
4022153 (base 6) to base 11
11a5a0
Convert 13102320330 (base 4) to base 10.
1912380
2588b7 (base 13) to base 10
904469
Convert 2156034 (base 7) to base 3.
111112011000
-444133434 (base 5) to base 7
-22341464
Convert 1ba4a (base 14) to base 2.
10001001111100010
Convert -36cc5b4 (base 13) to base 9.
-35118878
4136d (base 14) to base 16
265a5
-31424102 (base 6) to base 7
-10554212
What is -1876c2 (base 13) in base 4?
-2112132030
What is 534833a (base 11) in base 8?
43714020
What is -10312241 (base 5) in base 15?
-1b316
What is -16e17e (base 16) in base 8?
-5560576
Convert -bba1 (base 16) to base 9.
-72800
Convert -3130102 (base 5) to base 7.
-304214
Convert -160055 (base 9) to base 5.
-11122330
What is -10100101011001001010100 (base 2) in base 12?
-1994418
What is 101003110110 (base 4) in base 10?
4470036
Convert 140829 (base 11) to base 4.
311313012
Convert 401132013 (base 5) to base 7.
16313164
Convert -3997a1 (base 12) to base 2.
-11100111111000101001
What is 101111000101001000110001 (base 2) in base 10?
12341809
Convert -1510304 (base 6) to base 4.
-111032200
Convert 77b (base 12) to base 8.
2117
What is 27056110 (base 8) in base 9?
12345054
What is 79c139 (base 15) in base 3?
101221021121100
Convert -100011110010110001101 (base 2) to base 3.
-2012120212220
9162cb (base 13) to base 6
200310045
Convert 20b457 (base 13) to base 9.
1388728
What is 2303000130 (base 4) in base 13?
1c896c
What is -1624351 (base 10) in base 3?
-10001112012011
What is -45144022 (base 6) in base 16?
-14db4e
What is -1b1b536 (base 14) in base 13?
-2a5289c
131703a (base 12) to base 9
7068081
-543472 (base 8) to base 16
-2c73a
-3442003 (base 9) to base 7
-21536364
What is 230032 (base 7) in base 14?
10c52
What is c811 (base 15) in base 4?
22111030
What is 112211002012 (base 3) in base 4?
1013031023
Convert 21320a (base 11) to base 8.
1231774
-799836 (base 10) to base 5
-201043321
Convert -4653691 (base 10) to base 13.
-c6c283
What is 110001022102212 (base 3) in base 14?
bc9703
What is 13532506 (base 9) in base 11?
3862406
Convert -43244443 (base 5) to base 10.
-368748
-a9765 (base 11) to base 14
-420b1
224403 (base 5) to base 13
38c4
-6713 (base 13) to base 11
-a894
-406152 (base 8) to base 12
-65836
What is 1001211320201 (base 4) in base 6?
1412312145
What is 10ee9c (base 16) in base 11?
698782
-1b060aa (base 12) to base 7
-66510064
-15304343 (base 6) to base 3
-1000022101000
Convert 7205212 (base 8) to base 12.
7794b6
a5841 (base 15) to base 4
2000022322
What is 177267 (base 9) in base 3?
12121022021
2032221 (base 6) to base 8
276665
Convert -1604506 (base 7) to base 10.
-220114
Convert 1001010111001111110 (base 2) to base 7.
2415334
-ce229 (base 15) to base 11
-408322
-180b2b8 (base 13) to base 8
-35654761
Convert -13732a (base 11) to base 13.
-76944
Convert 840ed (base 16) to base 3.
1000110222200
-12312201032 (base 4) to base 7
-21160442
Convert -21020120022220 (base 3) to base 5.
-1441134420
What is a648 (base 14) in base 8?
70010
What is 256072 (base 10) in base 14?
6946c
What is 10100110010111010 (base 2) in base 12?
41362
Convert 16460312 (base 7) to base 6.
54311215
What is 94742 (base 12) in base 8?
574042
What is 2210012121 (base 3) in base 13?
1bc55
Convert -1001000100011011 (base 2) to base 11.
-25a00
10230223302 (base 4) to base 16
12caf2
What is 7b7333 (base 12) in base 9?
3651413
-198689 (base 10) to base 8
-604041
What is 16463464 (base 9) in base 13?
192b00b
Convert 6655320 (base 7) to base 9.
1480606
Convert 21121203 (base 5) to base 9.
288011
-126169 (base 10) to base 15
-275b4
1207552 (base 10) to base 3
2021100110011
What is 876685 (base 11) in base 10?
1399700
-7343327 (base 8) to base 3
-10200010212211
What is 10101101010100110100101 (base 2) in base 12?
1a9a919
Convert 10021122012102 (base 3) to base 15.
246de8
-7120 (base 13) to base 3
-210100211
What is 408181 (base 9) in base 7?
2026033
What is -57b4e7 (base 15) in base 10?
-4189492
-23434212 (base 5) to base 6
-4401305
Convert 221011100210 (base 3) to base 13.
144567
What is 1078331 (base 10) in base 13?
2b9a87
Convert -529993 (base 10) to base 9.
-887011
What is 110231222203 (base 4) in base 7?
64103452
-32310320 (base 4) to base 5
-3420403
Convert 1011011010010100101 (base 2) to base 4.
1123102211
Convert -763bbc (base 13) to base 10.
-2779022
103b810 (base 12) to base 6
145433220
-bcb9b (base 13) to base 14
-8cb7c
1540044 (base 6) to base 15
1bd4d
What is -101110100000000111111 (base 2) in base 12?
-615993
What is -22452332 (base 6) in base 12?
-2940a8
Convert -103233221 (base 5) to base 13.
-128055
What is -66454650 (base 8) in base 6?
-1230413024
Convert 36b431 (base 12) to base 2.
11011001011010100101
What is -4e3ce2 (base 15) in base 7?
-43645010
Convert 195702 (base 16) to base 5.
411120144
bad0 (base 15) to base 4
21222102
Convert -2350 (base 9) to base 13.
-a44
-1045593 (base 12) to base 9
-5711683
Convert -51733 (base 8) to base 2.
-101001111011011
Convert 527662 (base 13) to base 4.
13113031030
What is -46781 (base 15) in base 6?
-4451034
Convert -3639673 (base 13) to base 4.
-1000021022131
Convert -1393a (base 13) to base 4.
-20331302
-3a9475 (base 15) to base 4
-22233130100
What is 100142044 (base 6) in base 7?
20250652
Convert 11464163 (base 7) to base 4.
3322010210
Convert 4697ca (base 14) to base 4.
21023321212
Convert -1210210120222 (base 3) to base 10.
-960524
What is 13013211131 (base 